o**2 - 4*o + 5. Let i be l(6). Let s = i + 192. What is the highest common divisor of 26 and s?
13
Suppose -3*z = z - 68. Suppose 2*r = 2*g + 5*r - 5, -5*r - 1 = g. Let s be -17*(12/g + -4). What is the greatest common factor of z and s?
17
Let s(z) = -z**3 - 4*z**2 - 4*z - 1. Let n be s(-3). Suppose -5*v = 2*f - 130, 40 + 23 = f + n*v. Calculate the highest common divisor of 22 and f.
11
Let r = 36 - 20. Let y = -602 + 265. Let j be (-3)/9 + y/(-3). Calculate the highest common divisor of j and r.
16
Suppose 34 = 4*o - 26. Let i be 16/(-40) - 2704/(-10). Suppose 3*m - m = i. What is the greatest common divisor of m and o?
15
Let o be -22*(2 - 1)*-1. Let n be (-2)/10 - 828/(-15). What is the highest common divisor of n and o?
11
Suppose -3 + 15 = -2*y. Let c be (-766)/(-22) - y/33. What is the highest common divisor of 5 and c?
5
Suppose 4*z + 15 - 31 = 0. What is the greatest common divisor of z and 28?
4
Let r be (-9)/(-27) + 64/6. Let c = -10 + r. What is the greatest common divisor of c and 4?
1
Suppose c - 69 = -13. Suppose 47 = 4*b - 3*g, -6*g = -b - g + 33. Calculate the greatest common divisor of c and b.
8
Suppose 4*y - 5*b - 44 = 0, -b + 5*b = y. Calculate the greatest common factor of 16 and y.
16
Let q be (-2 - -1)/(-1 - 0). Let s = 16 - q. Calculate the highest common factor of 15 and s.
15
Let s(d) = d**3 + 3*d**2 - d - 1. Let l be s(-3). Let x(v) = 5*v**3 + v**2 - 2*v. Let a be x(l). Calculate the greatest common factor of a and 10.
10
Suppose 9 = x + 2*i, 11 + 5 = 2*x + 2*i. What is the greatest common factor of 28 and x?
7
Suppose -5*l + 7*l = 160. What is the greatest common factor of 16 and l?
16
Let m(c) = c**3 - 7*c**2 + 3*c + 11. Let y be m(8). Calculate the highest common factor of 11 and y.
11
Let f = 26 + -18. Suppose 0 = -2*g - 3*g + 100. Suppose -2*s + 3*o = s - 276, -g = 5*o. Calculate the highest common divisor of f and s.
8
Let a(n) = 2*n**3 - 5*n**2 + 2*n - 3. Let b be a(4). Suppose -3*g + 5*g - 2*k = 24, -5*g + b = 2*k. What is the greatest common factor of 44 and g?
11
Let m = -2 + 15. Let t(y) = 10*y - 2. Let g be t(8). Calculate the highest common divisor of m and g.
13
Suppose 33 = 4*f - f. Suppose -2*w + 22 = -w. What is the highest common divisor of w and f?
11
Let g(z) = 2*z - 4. Let o be g(7). Let q = 67 + -37. Calculate the highest common divisor of q and o.
10
Let v(n) = 49*n**2. Let x be v(-1). Suppose -7 = -2*a + 7. What is the highest common divisor of a and x?
7
Suppose 13*y + 5*y = 540. Calculate the highest common divisor of 6 and y.
6
Let i be 2/2 + (-1 - -1). Let c be (3/(-2))/(i/10). Let n = c + 29. What is the greatest common divisor of 2 and n?
2
Let g = -92 - -137. Calculate the greatest common factor of g and 15.
15
Let g(d) = d**2 - 7*d + 28. Let b be g(5). What is the highest common divisor of b and 36?
18
Suppose -192 = -17*r + 148. Let t(v) = -5*v**3 + v**2 + 2*v + 2. Let n be t(-3). What is the highest common factor of n and r?
20
Suppose -21 = 12*w - 19*w. Suppose -4*x - 4 = -6*x. Suppose -10 = -3*g - x*g. Calculate the highest common divisor of w and g.
1
Let q = 1 + 0. Let w be (-6)/4*-2*q. Let u = -1 - -16. What is the highest common divisor of u and w?
3
Let s = 113 - 38. Suppose 5*h - 30 = 4*h. What is the greatest common factor of h and s?
15
Let c = -3 - -12. Suppose 434 = 5*b + c. Let n = 41 + -7. Calculate the highest common divisor of b and n.
17
Let y be 7/3 - 20/15. What is the highest common divisor of y and 4?
1
Let s(k) be the second derivative of -k**5/20 - k**4/6 + k**2 + k. Let v be s(-2). What is the greatest common factor of v and 8?
2
Let d(k) = k**2 - 3*k - 4. Let j be d(-8). Calculate the highest common divisor of j and 21.
21
Let v = -17 + 32. What is the highest common factor of v and 3?
3
Let z(b) = -b - 7. Let q be z(-11). Calculate the greatest common factor of 44 and q.
4
Let p(v) = -10*v**3 + v**2 - 3*v - 5. Let g be p(-2). Calculate the highest common factor of g and 34.
17
Suppose 2*v = 2*j + 16, 4*j + v + 31 = 4*v. Let o = j + 13. Calculate the greatest common divisor of o and 18.
6
Let v(q) be the third derivative of q**5/60 + q**4/8 + 2*q**3/3 - 2*q**2. Let k be v(-6). What is the greatest common divisor of 11 and k?
11
Suppose 3*u + 4 = 10. Suppose 3*q = 2*q + u. Suppose -q*n = n - 3. What is the highest common divisor of n and 3?
1
Let b = -16 + 64. Calculate the highest common divisor of b and 72.
24
Let k = -18 + 27. Calculate the highest common factor of k and 81.
9
Let t be ((-891)/(-6))/3*4/6. Calculate the highest common factor of 22 and t.
11
Suppose -155 = -3*d + 70. Suppose -5*n + 3*l = -d, 0*n - n + 5*l = -15. What is the greatest common factor of 60 and n?
15
Let u = -38 + 106. Suppose -14 = -2*d + u. Suppose v = 39 + d. Calculate the highest common factor of 16 and v.
16
Let k be 2804/10 + (-20)/50. Let n = 10 - -18. What is the highest common factor of n and k?
28
Let h = 21 - 17. Let g be 276/10 - h/(-10). What is the highest common factor of g and 70?
14
Suppose -6*d + 64 = -2*d. Suppose -5*q + 4 = -d. Let z be 212/q - 2*-1. What is the highest common divisor of z and 22?
11
Let o = 3 - -3. Suppose -3*c = -3*v + o*v - 93, -3*v - c = -91. What is the highest common divisor of v and 45?
15
Let x(u) = -18*u - 16. Let s be x(-8). What is the highest common factor of s and 32?
32
Suppose -4*w + 74 = 2*o, -40 - 20 = -5*w + 4*o. What is the highest common factor of w and 2?
2
Let y(s) = s**3 + 5*s**2 - 3*s - 11. Let w be y(-5). Suppose 3*g - 2 - w = 0, -n - g = -5. What is the highest common factor of 3 and n?
3
Let g be -1 + 2 + -1 + -2. Let x be (88/(-1))/g - 1. Let h = x - 11. What is the greatest common factor of h and 4?
4
Let x(t) = t**2 - 12*t - 8. Let u be x(10). Let m = u + 39. Calculate the highest common factor of m and 1.
1
Suppose -5*m = -2239 + 619. Calculate the greatest common divisor of m and 36.
36
Let v(u) = -5*u + 7. Let i be v(-5). Suppose -w - i = -5*w. Let a(k) = 15*k**2 + 2*k. Let g be a(-2). What is the greatest common factor of w and g?
8
Let j(c) = -18*c - 6. Suppose 4 = -n - 1. Let q be j(n). Calculate the highest common divisor of 21 and q.
21
Suppose 7 = w - 6. Calculate the highest common divisor of w and 26.
13
Let g = 80 - 53. Let s(v) = -v**2 + 11*v - 10. Let o = 16 + -9. Let u be s(o). Calculate the highest common factor of u and g.
9
Let f = 6 - 4. Let b be ((-6)/5)/(0 + 5/(-75)). What is the highest common factor of f and b?
2
Let k = 4 - 4. Suppose s = 2*s - m - 1, -4*s + 5*m = k. What is the greatest common divisor of 45 and s?
5
Suppose -18*a + 15*a + 294 = 0. What is the greatest common divisor of 14 and a?
14
Let b = -8 - -14. Suppose -y + 3 = -b. Let j be 6/y + (-49)/(-3). What is the greatest common factor of j and 17?
17
Let f(w) = w**2 + 2*w - 10. Suppose 1 = -3*t + 10. Suppose -j + t*j = -14. Let u be f(j). What is the greatest common factor of 5 and u?
5
Let p be ((-42)/(-5))/(9/30). Let y = -17 + p. Suppose -5*c - 198 = -2*b, -b - 2*c = -3*b + 198. What is the greatest common divisor of b and y?
11
Let i be (8 + -7)*63*3. What is the greatest common divisor of 21 and i?
21
Let w be (-85)/(-2) + 4/(-24)*3. What is the greatest common factor of 6 and w?
6
Let h = 4 - 3. Suppose 0*g = g - h. Let m be 330/3 - 2/g. What is the highest common factor of 12 and m?
12
Suppose 0*f = 6*f - 234. Calculate the highest common divisor of 52 and f.
13
Suppose -6*h + 1 = -5. Calculate the highest common factor of 4 and h.
1
Let t(y) = -33*y**3 - 2*y**2 + y + 2. Let b be t(-1). Let q = 41 - 25. What is the highest common factor of b and q?
16
Suppose -2*k = -5*k + 6. Suppose k*j + 3*j = -2*z, 5*z = -5*j. Let a be 110*(-2)/(-2) - j. Calculate the highest common divisor of a and 10.
10
Let h = 3 - 2. Let d be (-18)/(-30)*5/h. Let t be 6/((16/10)/4). Calculate the greatest common divisor of d and t.
3
Let r(f) = -2*f**2 + f - 1. Let q(n) = n**2 + 1. Let j(v) = 5*q(v) + r(v). Let l be j(-2). What is the greatest common divisor of 56 and l?
14
Let t be (112/2)/(7*(-6)/(-42)). What is the greatest common divisor of 280 and t?
56
Let w be 4/2 + 0/2. Calculate the highest common divisor of w and 18.
2
Let h(q) = 4*q**3 + 3*q - 2. Let j be h(2). Let u be (5 + -5)/(-1 + 2). Suppose u = -o - 0*o + 90. Calculate the